composite number?
False
Is 560365553 prime?
False
Is 14130983 a prime number?
True
Is 2546099 prime?
False
Is 1752181 a prime number?
True
Is 808963 a composite number?
True
Is 15760033 a prime number?
True
Is 83133731 prime?
False
Is 160273 a prime number?
False
Is 698777 prime?
False
Is 2023549 a composite number?
True
Is 2941979 composite?
True
Is 6323953 prime?
False
Is 114373343 a prime number?
False
Is 40601 composite?
True
Is 29460043 a prime number?
True
Is 327089057 prime?
False
Is 21051799 prime?
True
Is 888857 a prime number?
True
Is 2776471 prime?
True
Is 81555421 composite?
True
Is 40558579 prime?
True
Is 597637 a composite number?
False
Is 93175777 a prime number?
True
Is 862781 a prime number?
False
Is 25523201 prime?
False
Is 7574327 a prime number?
False
Is 1409203 a composite number?
False
Is 500083 a prime number?
True
Is 1666559 a composite number?
False
Is 9815017 composite?
True
Is 1512803 prime?
False
Is 26216539 a prime number?
False
Is 826079 prime?
False
Is 21768811 prime?
True
Is 6518747 a prime number?
True
Is 2367727 composite?
True
Is 4709387 composite?
False
Is 62874457 a prime number?
True
Is 15857641 prime?
True
Is 10310633 composite?
False
Is 2893937 a prime number?
True
Is 8428699 composite?
True
Is 24031223 a composite number?
False
Is 758594753 composite?
True
Is 2673397 a prime number?
True
Is 24307559 a prime number?
True
Is 2263759 prime?
True
Is 1042681 a composite number?
False
Is 100361177 prime?
False
Is 353411 composite?
False
Is 1863707 prime?
True
Is 11667101 a prime number?
True
Is 394888481 a composite number?
True
Is 30220711 a composite number?
True
Is 2721647 composite?
True
Is 308151353 composite?
True
Is 7518571 prime?
True
Is 85946429 a prime number?
True
Is 18283639 a prime number?
False
Is 7598035 composite?
True
Is 113850767 a prime number?
True
Is 103221533 prime?
False
Is 911931539 a prime number?
False
Is 874895779 prime?
False
Is 1175173 a composite number?
False
Is 1760849 a composite number?
False
Is 79674641 composite?
False
Is 41078923 composite?
False
Is 387876023 prime?
True
Is 141562583 composite?
False
Is 209407337 composite?
False
Is 117529 composite?
False
Is 1117453 composite?
True
Is 28321193 a composite number?
False
Is 20889089 a prime number?
False
Is 5370899 prime?
True
Is 799439 a composite number?
True
Is 31588769 composite?
True
Is 179795311 a prime number?
False
Is 309700259 a composite number?
True
Is 26163013 a prime number?
False
Is 17794973 a composite number?
True
Is 140829581 prime?
False
Is 4985077 prime?
False
Is 3750713 a composite number?
True
Is 1523903 a composite number?
True
Is 107514289 a composite number?
True
Is 60917149 prime?
True
Is 37757129 composite?
False
Is 173609 prime?
False
Is 374222 composite?
True
Is 1725463 a composite number?
False
Is 3416377 composite?
True
Is 4378697 prime?
True
Is 22240753 prime?
True
Is 1770217 composite?
False
Is 96856957 prime?
True
Is 23271007 composite?
False
Is 297281834 a prime number?
False
Is 49453307 a prime number?
True
Is 411900571 a composite number?
True
Is 20180759 a prime number?
True
Is 3050419 prime?
True
Is 56509721 a prime number?
False
Is 57558023 a prime number?
True
Is 949567 prime?
True
Is 3832523 a prime number?
False
Is 301761073 a prime number?
True
Is 43145279 prime?
False
Is 36059 composite?
True
Is 2812247 a prime number?
False
Is 3476437 a composite number?
True
Is 47924783 a composite number?
True
Is 4103234 prime?
False
Is 348679 a composite number?
True
Is 55914862 prime?
False
Is 550133 prime?
False
Is 134151581 composite?
True
Is 10625299 a composite number?
True
Is 2364361 composite?
False
Is 567015266 prime?
False
Is 4731901 a prime number?
False
Is 2293055 a composite number?
True
Is 36601751 a composite number?
False
Is 11608503 a composite number?
True
Is 457544117 a composite number?
False
Is 157907963 a prime number?
False
Is 416147 composite?
False
Is 56020409 prime?
True
Is 27730909 prime?
False
Is 1527007 a prime number?
False
Is 20381279 a composite number?
False
Is 12532753 a prime number?
False
Is 1653422 a composite number?
True
Is 56759407 prime?
False
Is 2787989 a prime number?
False
Is 24581321 composite?
True
Is 1131077 a prime number?
True
Is 551687 a prime number?
False
Is 14406761 composite?
False
Is 2097383 prime?
True
Is 38341469 a composite number?
False
Is 305209 a composite number?
False
Is 676945 a prime number?
False
Is 402541 prime?
True
Is 8141789 prime?
True
Is 2659001 composite?
False
Is 30426857 a composite number?
False
Is 354283471 composite?
True
Is 79515889 a composite number?
False
Is 38160951 a composite number?
True
Is 63170267 prime?
False
Is 520913 composite?
False
Is 1671143 a composite number?
True
Is 104010245 prime?
False
Is 65978999 prime?
True
Is 17195909 composite?
False
Is 146959829 prime?
False
Is 28219577 a composite number?
False
Is 1072919659 prime?
False
Is 470749 prime?
True
Is 27172837 a prime number?
False
Is 2971363 prime?
True
Is 43586129 a composite number?
True
Is 4484989 composite?
True
Is 32314441 a prime number?
True
Is 2038754351 a composite number?
False
Is 41694551 composite?
False
Is 4383307 prime?
False
Is 3074789 a prime number?
False
Is 2974679 a composite number?
True
Is 3352103 prime?
False
Is 2368459 a prime number?
False
Is 530431 a composite number?
True
Is 9803701 composite?
False
Is 882389 a composite number?
False
Is 541583 a prime number?
False
Is 107135087 prime?
True
Is 515863 a prime number?
False
Is 2531041 a prime number?
False
Is 26993027 prime?
False
Is 84611069 a prime number?
True
Is 325691 a composite number?
False
Is 577123 a composite number?
False
Is 15240497 a composite number?
False
Is 180765839 composite?
False
Is 3948429 a prime number?
False
Is 8066129 composite?
False
Is 1958449 composite?
False
Is 1363631 a prime number?
True
Is 318601469 a composite number?
False
Is 80134543 composite?
True
Is 146660617 composite?
False
Is 75370799 a prime number?
False
Is 3863387 prime?
False
Is 1103051 a composite number?
True
Is 20133213 a prime number?
False
Is 2641939 a prime number?
True
Is 37995145 a composite number?
True
Is 4717021 a prime number?
True
Is 19816837 composite?
False
Is 424394251 composite?
False
Is 16145027 a composite number?
False
Is 5903273 prime?
False
Is 3691637 a prime number?
False
Is 2459257 prime?
True
Is 13390669 composite?
True
Is 32944799 a composite number?
True
Is 1963601 a composite number?
True
Is 25748171 prime?
True
Is 2374699 a composite number?
False
Is 14886769 a composite number?
False
Is 2493221 a prime number?
True
Is 4749377 composite?
False
Is 83719751 a prime number?
True
Is 1899301 prime?
True
Is 127652015 prime?
False
Is 40175257 a composite number?
False
Is 319753163 a prime number?
True
Is 128943751 composite?
False
Is 2125099 composite?
False
Is 110640401 composite?
True
Is 20082142 a prime number?
False
Is 8128621 a composite number?
True
Is 2746147 prime?
True
Is 314838841 composite?
False
Is 86275873 a prime number?
False
Is 3729541 prime?
True
Is 26806865 composite?
True
Is 53692111 a composite number?
True
Is 2502187 prime?
False
Is 60879001 a composite number?
False
Is 1823453 a prime number?
False
Is 26017759 a composite number?
False
Is 60749149 a prime number?
True
Is 67516817 prime?
False
Is 1513819 composite?
False
Is 19723637 a composite number?
False
Is 2643523 a prime number?
True
Is 39562937 a composite number?
False
Is 1426380809 a prime number?
False
Is 248014961 prime?
False
Is 4757267 a composite number?
False
Is 33011633 a prime number?
False
Is 992689 a composite number?
False
Is 1146492643 prime?
True
Is 697877 composite?
False
Is 2822167 a composite number?
True
Is 8492333 a prime number?
False
Is 1140047 prime?
False
Is 5999153 a composite number?
True
Is 26070313 a composite number?
False
Is 4136123 prime?
True
Is 1649489 a composite number?
False
Is 4641869 a composite number?
True
Is 77817373 composite?
False
Is 172668511 prime?
True
Is 20925985 composite?
True
Is 18497281 a composite number?
True
Is 11593859 a composite number?
True
Is 15199957 a composite number?
False
Is 264945957 a composite number?
True
Is 41675399 composite?
False
Is 75032569 a composite number?
False
Is 616747 a prime number?
False
Is